{"id":39,"date":"2015-05-14T00:55:46","date_gmt":"2015-05-13T22:55:46","guid":{"rendered":"http:\/\/www.vbos-online.de\/?page_id=39"},"modified":"2025-05-22T18:36:08","modified_gmt":"2025-05-22T16:36:08","slug":"abos","status":"publish","type":"page","link":"https:\/\/www.volksbuehne-osnabrueck.de\/index.php\/abos\/","title":{"rendered":"Abos"},"content":{"rendered":"<h3>Von \u201eAbonnement Dienstag Orange\u201c bis \u201eAbonnement Einsteiger\u201c:<\/h3>\n<p>W\u00e4hlen Sie aus den drei Sparten Theater, Tanztheater und Konzert eines oder mehrere von 16 Abonnements f\u00fcr Ihre pers\u00f6nliche Osnabr\u00fccker Theatersaison 2025\/2026.<\/p>\n<p><a href=\"abos\/theater-abonnements\"><strong>Theater-Abonnements<\/strong><\/a><\/p>\n<p><a href=\"abos\/tanztheater-abonnements\"><strong>Tanztheater-Abonnements<\/strong><\/a><\/p>\n<p><a href=\"abos\/konzert-abonnements\"><strong>Konzert-Abonnements<\/strong><\/a><\/p>\n","protected":false},"excerpt":{"rendered":"<p>Von \u201eAbonnement Dienstag Orange\u201c bis \u201eAbonnement Einsteiger\u201c: W\u00e4hlen Sie aus den drei Sparten Theater, Tanztheater und Konzert eines oder mehrere von 16 Abonnements f\u00fcr Ihre pers\u00f6nliche Osnabr\u00fccker Theatersaison 2025\/2026. Theater-Abonnements Tanztheater-Abonnements Konzert-Abonnements<\/p>\n","protected":false},"author":3,"featured_media":0,"parent":0,"menu_order":2,"comment_status":"closed","ping_status":"closed","template":"","meta":{"footnotes":""},"class_list":["post-39","page","type-page","status-publish","hentry"],"_links":{"self":[{"href":"https:\/\/www.volksbuehne-osnabrueck.de\/index.php\/wp-json\/wp\/v2\/pages\/39","targetHints":{"allow":["GET"]}}],"collection":[{"href":"https:\/\/www.volksbuehne-osnabrueck.de\/index.php\/wp-json\/wp\/v2\/pages"}],"about":[{"href":"https:\/\/www.volksbuehne-osnabrueck.de\/index.php\/wp-json\/wp\/v2\/types\/page"}],"author":[{"embeddable":true,"href":"https:\/\/www.volksbuehne-osnabrueck.de\/index.php\/wp-json\/wp\/v2\/users\/3"}],"replies":[{"embeddable":true,"href":"https:\/\/www.volksbuehne-osnabrueck.de\/index.php\/wp-json\/wp\/v2\/comments?post=39"}],"version-history":[{"count":15,"href":"https:\/\/www.volksbuehne-osnabrueck.de\/index.php\/wp-json\/wp\/v2\/pages\/39\/revisions"}],"predecessor-version":[{"id":2322,"href":"https:\/\/www.volksbuehne-osnabrueck.de\/index.php\/wp-json\/wp\/v2\/pages\/39\/revisions\/2322"}],"wp:attachment":[{"href":"https:\/\/www.volksbuehne-osnabrueck.de\/index.php\/wp-json\/wp\/v2\/media?parent=39"}],"curies":[{"name":"wp","href":"https:\/\/api.w.org\/{rel}","templated":true}]}}

<h3>Von „Abonnement Dienstag Orange“ bis „Abonnement Einsteiger“:</h3>
<p>Wählen Sie aus den drei Sparten Theater, Tanztheater und Konzert eines oder mehrere von 16 Abonnements für Ihre persönliche Osnabrücker Theatersaison 2025/2026.</p>
<p><a href="abos/theater-abonnements"><strong>Theater-Abonnements</strong></a></p>
<p><a href="abos/tanztheater-abonnements"><strong>Tanztheater-Abonnements</strong></a></p>
<p><a href="abos/konzert-abonnements"><strong>Konzert-Abonnements</strong></a></p>

<p>Von „Abonnement Dienstag Orange“ bis „Abonnement Einsteiger“: Wählen Sie aus den drei Sparten Theater, Tanztheater und Konzert eines oder mehrere von 16 Abonnements für Ihre persönliche Osnabrücker Theatersaison 2025/2026. Theater-Abonnements Tanztheater-Abonnements Konzert-Abonnements</p>
